*t - 1. Let g be b(2). Let w(j) = j**3 + 4*j**2 - 6*j - 2. What is the remainder when w(-5) is divided by (-14)/g + (-87)/(-27)?
0
Suppose -f = 6*f - 35. Suppose -2*b - j = -50, -f - 96 = -3*b + 5*j. Suppose -6*s = -3*s - 21. Calculate the remainder when b is divided by s.
6
Let u = -508 - -933. Suppose -6*x = -11*x + u. What is the remainder when x is divided by 4/(-22) - 3852/(-132)?
27
Let h(x) = -x**3 + 3*x**2 + 4*x + 1. Let j = -4 + 8. Let t be h(j). Calculate the remainder when (-6 - -40) + t*-3 is divided by 8.
7
Let q = 69 - 58. What is the remainder when ((-1)/(-3))/((-1)/(-93)) is divided by q?
9
Let n(i) = -4*i**2 + 26*i - 2. What is the remainder when 77 is divided by n(6)?
7
Suppose 2*y + 4*d = 3*y + 20, -3*y - 33 = -3*d. Let w = y - -23. What is the remainder when 26 is divided by w?
11
Suppose 0 = -4*s + y + 134, -s + 2*y + 41 = -2*y. Let a = 150 + 33. Suppose -a = -16*v + 89. What is the remainder when s is divided by v?
16
Suppose -u + f + 16 = 0, 3*u + 5*f = 115 - 43. Calculate the remainder when 663 is divided by u.
17
Let h = 368 - 339. What is the remainder when 695 is divided by h?
28
Let y(s) = -s**3 + 6*s**2 + 8*s - 2. Let c be y(7). Suppose 280 - 45 = c*w. Calculate the remainder when w is divided by 12.
11
Suppose 0 = o + u - 10, 4*o + 5*u - 43 = 0. Calculate the remainder when 25*(0 + (-8)/(-10)) is divided by o.
6
Calculate the remainder when (-1 + -2 - -120) + 224/(-32) is divided by 8.
6
Let n(m) = -m**2 + 5*m + 19. Let g = 9 - 5. Suppose i - 23 = g*j, 3*i = 6*i - 5*j - 34. Calculate the remainder when n(7) is divided by i.
2
Let g be 3/2*(-48)/(-18). Suppose -g*i = -3*i - 29. Calculate the remainder when 56 is divided by i.
27
Suppose -5*v + 2*v - k = -453, -471 = -3*v + 5*k. Calculate the remainder when v is divided by 80.
72
Let n = 504 + -453. What is the remainder when 198 is divided by n?
45
Let a = -731 - -743. What is the remainder when 67 is divided by a?
7
Let w = 417 + -411. Calculate the remainder when 77 is divided by w.
5
Let g(m) be the first derivative of m**2/2 + 6*m + 1. Suppose 18 = -15*c + 78. Calculate the remainder when 35 is divided by g(c).
5
Let m(y) = -5*y + 14. What is the remainder when 1169 is divided by m(-5)?
38
Suppose 8*h + 68 = 4*h. Let k = -9 - h. Calculate the remainder when (-98)/(4*(-4)/k) is divided by 17.
15
Suppose -10*f = -11*f + 22. Calculate the remainder when 285 is divided by f.
21
Suppose -48 = -3*y - 2*u + 23, 113 = 5*y + 2*u. Let k(p) = -4*p**2 - 55*p - 63. What is the remainder when k(-11) is divided by y?
16
Let f(h) = h**3 + 21*h**2 + 2*h - 52. Calculate the remainder when f(-14) is divided by 35.
32
Let i = 188 - 105. Calculate the remainder when i is divided by (138 + -140)*17/(-2).
15
What is the remainder when 85 is divided by -4 + (-130)/(-4) + (-9)/6?
4
Let c = 193 + 1262. Calculate the remainder when c is divided by 54.
51
Calculate the remainder when 119 is divided by (31/2)/((-68)/(-272)).
57
Let p = -139 - -157. What is the remainder when 46 is divided by p?
10
Suppose 5*c = 4*q + 24, -5*q - 7 = -2. Suppose -c*d + 1 = -11. Calculate the remainder when 8 is divided by d.
2
Let i(w) = w**3 + 4*w**2 - 8*w - 2. Suppose -4*k - k = -20. Let v = -18 - -42. What is the remainder when i(k) is divided by v?
22
Let v(a) = -a**3 - 9*a**2 - 6*a + 20. Suppose -12 = 3*b + 3*g, -4*b - 31 = -g + 2*g. What is the remainder when v(b) is divided by 26?
22
Suppose 2*f + 10 = 18. Let y(i) = -i**3 + 5*i**2 + 2*i - 6. What is the remainder when y(f) is divided by 8?
2
Suppose -3*v = -6*v. Suppose v*c = 2*c - 38. What is the remainder when c is divided by 5?
4
Let h = -199 + 235. Calculate the remainder when h is divided by 13.
10
Calculate the remainder when (-664)/10*(-115)/46 is divided by 42.
40
Let p = -24 + 36. What is the remainder when 58 is divided by 3/(-18) + 362/p?
28
Suppose -343 = -11*r + 20. What is the remainder when r is divided by (-42)/(-2) - (-22)/(-11)?
14
Suppose 9*z - 12 = 11*z. Let d be (0 - -1)/(2/z). What is the remainder when ((-6)/d)/((-2)/(-31)) is divided by 16?
15
Let s = -21 + 49. Let n = -42 - -60. What is the remainder when s is divided by n?
10
Let n = -231 - -245. Calculate the remainder when 207 is divided by n.
11
Suppose 203 = 18*s + 23. Suppose 0 = v + 2*k, -2*v + 5*k + 65 = 2*v. Calculate the remainder when s is divided by v.
0
Let c be 7/(28/24) - 2. Let v be 26 + c + -3 + -3. Suppose 0 = -h - h + v. What is the remainder when 34 is divided by h?
10
Suppose -8*i = -6*i - 8. Calculate the remainder when ((-292)/6)/(i/(-6)) is divided by 20.
13
Let x be (2 - (0 - -2))/2. Suppose f + 2*f = x. Suppose f = 9*v - 5*v - 20. Calculate the remainder when 9 is divided by v.
4
Let m = 16 - 14. Let u(n) = 3*n**2 - 8 - 2*n**m + n**3 + 0*n**2 - 5*n**2 - 7*n. Calculate the remainder when u(6) is divided by 6.
4
Calculate the remainder when -1 + 4 + (178 + 1 - -4) is divided by 48.
42
Let r(g) = 3*g**2 + 6*g - 12. Let v be r(2). Suppose -3*d = -v*d + 405. What is the remainder when 267 is divided by d?
42
Suppose -2*s + 6*s + 124 = 0. Let r = 68 + s. What is the remainder when r is divided by (3 - 10/6)*6?
5
Let k = -6 - -6. What is the remainder when 194 is divided by k + -2*196/(-8)?
47
Let i(b) = -b**3 + b + 13. Suppose u = -3*u - m + 152, -m - 76 = -2*u. What is the remainder when u is divided by i(0)?
12
Suppose -20 = -4*z, 2*y + 0*y - 4*z = -8. What is the remainder when 9 is divided by y?
3
Suppose -55 = -2*u + 4*n + 59, -u - 2*n = -41. Calculate the remainder when u is divided by 340/50*10/4.
15
Calculate the remainder when (7*(-1 - -2))/((-70)/(-7980)) is divided by 16.
14
Let q = 58 + 117. Suppose q = 5*k + 3*g, 0*k + 2*k + 4*g - 70 = 0. Calculate the remainder when k is divided by 9.
8
Let l(i) = 47*i - 12. What is the remainder when l(2) is divided by 22?
16
Let o(w) = w**3 - 14*w**2 + 18*w - 2. Let x be o(13). Suppose 0 = -4*i + 69 + x. Let h(f) = 19*f - 1. What is the remainder when i is divided by h(1)?
15
Suppose 3*v - 4*g + 36 = 88, 0 = 2*g - 4. Suppose 34 = -u - q, 0 = -u + 4*q - 79 + 20. Calculate the remainder when v is divided by (-1 - (-26)/3) + 26/u.
6
Calculate the remainder when 113*1 - 13/(78/24) is divided by 11.
10
Suppose g + 35 - 158 = -5*v, 0 = 3*g + 5*v - 379. What is the remainder when g is divided by 13?
11
Let s = -28 + 52. Suppose 2*b - 5*d = 21, -2*d = 5*b - 5*d - s. Suppose 0 = 10*f - b*f - 28. What is the remainder when 15 is divided by f?
3
Suppose -5*d + 3*f - 5 = 1, 0 = 3*d + 4*f - 8. Suppose 9 = -3*r, 6*r = 5*n + r - 40. Suppose d - 20 = -n*z. Calculate the remainder when 11 is divided by z.
3
What is the remainder when 218 is divided by (17 + -9 + 3)*2?
20
Let y = 66 - 28. Calculate the remainder when y is divided by 10.
8
Suppose 0 = -5*f + 2*i + 61, 0 = -0*i + 3*i + 9. Let d = -44 - -41. What is the remainder when 3*-1*(-7 + d) is divided by f?
8
Suppose p - 36 = -x, -5*x - 16*p + 208 = -18*p. Calculate the remainder when 224 is divided by x.
24
Let a = 66 - 37. Let v = 18 - -96. What is the remainder when v is divided by a?
27
Suppose -2*y + 2*q - 10 = 0, -5*y - 2*q - 4 = -0. Let w(f) = -2*f - 2. Let d be w(y). Suppose d*u - 20 - 6 = 0. What is the remainder when u is divided by 7?
6
Calculate the remainder when 14/6 + (-5720)/(-12) is divided by 60.
59
Let t(l) be the second derivative of -l**4/12 - 13*l**3/6 - 17*l**2/2 + 19*l. What is the remainder when 136 is divided by t(-5)?
21
Suppose 8*a - 4*a = 8. Suppose y + 3*n - 42 = -a*y, 3*n = -5*y + 76. Suppose -81 = -3*z + 117. Calculate the remainder when z is divided by y.
15
Suppose -3*w = 32 + 7. Let f(q) = 2 + 2*q**2 + 7*q + 7*q - q**2 - 5*q + 2*q. What is the remainder when 137 is divided by f(w)?
25
Let g(u) = u**3 + 4*u**2 + 3*u + 6. Let m be g(-4). Let x(y) = -y**3 - 6*y**2 - 7*y + 5. What is the remainder when x(m) is divided by 2/(-3) + (-3)/9*-50?
15
Suppose -52*o + 43*o = -7407. What is the remainder when o is divided by 59?
56
Let v(p) = -p**3 + 19*p**2 + 23*p - 39. Calculate the remainder when v(20) is divided by 8.
5
What is the remainder when (0 - -3)/((-33)/(-451)) + 1 is divided by 9?
6
Calculate the remainder when 2/8 - ((-5144)/32 + 5) is divided by 73.
10
Suppose 57*s - 45*s - 624 = 0. What is the remainder when s is divided by 45